{"id":254,"date":"2016-03-03T21:32:27","date_gmt":"2016-03-03T19:32:27","guid":{"rendered":"http:\/\/corpi.lt\/?page_id=254"},"modified":"2017-10-11T10:57:11","modified_gmt":"2017-10-11T07:57:11","slug":"tyrimai","status":"publish","type":"page","link":"https:\/\/corpi.lt\/index.php\/paslaugos\/tyrimai\/","title":{"rendered":"Tyrimai"},"content":{"rendered":"<h4>Teikiamos paslaugos:<\/h4>\n<ul>\n<li>vandens telkini\u0173 batimetriniai matavimai;<\/li>\n<li>grunt\u0173 granuliometrin\u0117s sud\u0117ties tyrimai;<\/li>\n<li>pauk\u0161\u010di\u0173 ir \u017einduoli\u0173 (\u012fskaitant \u0161ik\u0161nosparnius) populiacij\u0173 tyrimai;<\/li>\n<li>\u017euv\u0173 bendrij\u0173, populiacij\u0173 b\u016bkl\u0117s, i\u0161tekli\u0173 tyrimai panaudojant AM ministro patvirtint\u0105 \u017euv\u0173 i\u0161tekli\u0173 metodik\u0105 ir \u012frankius: elektros \u017e\u016bkl\u0119, statomuosius tinklus, gaudykles;<\/li>\n<li>\u017euv\u0173 buveini\u0173, ner\u0161tavie\u010di\u0173 b\u016bkl\u0117s ir pasiskirstymo tyrimai, \u017euv\u0173 ekologiniai tyrimai ir pan.<\/li>\n<\/ul>\n","protected":false},"excerpt":{"rendered":"<p>Teikiamos paslaugos: vandens telkini\u0173 batimetriniai matavimai; grunt\u0173 granuliometrin\u0117s sud\u0117ties tyrimai; pauk\u0161\u010di\u0173 ir \u017einduoli\u0173 (\u012fskaitant \u0161ik\u0161nosparnius) populiacij\u0173 tyrimai; \u017euv\u0173 bendrij\u0173, populiacij\u0173 b\u016bkl\u0117s, i\u0161tekli\u0173 tyrimai panaudojant AM ministro patvirtint\u0105 \u017euv\u0173 i\u0161tekli\u0173 metodik\u0105 ir \u012frankius: elektros \u017e\u016bkl\u0119, statomuosius tinklus, gaudykles; \u017euv\u0173 buveini\u0173, ner\u0161tavie\u010di\u0173 b\u016bkl\u0117s ir pasiskirstymo tyrimai, \u017euv\u0173 ekologiniai tyrimai ir pan.<\/p>\n","protected":false},"author":1,"featured_media":0,"parent":228,"menu_order":10,"comment_status":"closed","ping_status":"open","template":"","meta":{"footnotes":""},"tags":[],"class_list":["post-254","page","type-page","status-publish","hentry"],"_links":{"self":[{"href":"https:\/\/corpi.lt\/index.php\/wp-json\/wp\/v2\/pages\/254","targetHints":{"allow":["GET"]}}],"collection":[{"href":"https:\/\/corpi.lt\/index.php\/wp-json\/wp\/v2\/pages"}],"about":[{"href":"https:\/\/corpi.lt\/index.php\/wp-json\/wp\/v2\/types\/page"}],"author":[{"embeddable":true,"href":"https:\/\/corpi.lt\/index.php\/wp-json\/wp\/v2\/users\/1"}],"replies":[{"embeddable":true,"href":"https:\/\/corpi.lt\/index.php\/wp-json\/wp\/v2\/comments?post=254"}],"version-history":[{"count":4,"href":"https:\/\/corpi.lt\/index.php\/wp-json\/wp\/v2\/pages\/254\/revisions"}],"predecessor-version":[{"id":675,"href":"https:\/\/corpi.lt\/index.php\/wp-json\/wp\/v2\/pages\/254\/revisions\/675"}],"up":[{"embeddable":true,"href":"https:\/\/corpi.lt\/index.php\/wp-json\/wp\/v2\/pages\/228"}],"wp:attachment":[{"href":"https:\/\/corpi.lt\/index.php\/wp-json\/wp\/v2\/media?parent=254"}],"wp:term":[{"taxonomy":"post_tag","embeddable":true,"href":"https:\/\/corpi.lt\/index.php\/wp-json\/wp\/v2\/tags?post=254"}],"curies":[{"name":"wp","href":"https:\/\/api.w.org\/{rel}","templated":true}]}}