{"id":243,"date":"2016-03-03T20:57:47","date_gmt":"2016-03-03T18:57:47","guid":{"rendered":"http:\/\/corpi.lt\/?page_id=243"},"modified":"2017-10-11T10:25:08","modified_gmt":"2017-10-11T07:25:08","slug":"aplinkos-monitoringas","status":"publish","type":"page","link":"https:\/\/corpi.lt\/index.php\/paslaugos\/aplinkos-monitoringas\/","title":{"rendered":"Aplinkos monitoringas"},"content":{"rendered":"<p><strong>Aplinkos monitoringas<\/strong> \u2013 gamtin\u0117s ir \u017emoni\u0173 gyvenamosios aplinkos bei jos element\u0173 b\u016bkl\u0117s kitimo ir antropogeninio poveikio steb\u0117jimas, vertinimas ir prognoz\u0117.<\/p>\n<h4>Aplinkos monitoringas gali b\u016bti:<\/h4>\n<ul>\n<li>Valstybinis aplinkos monitoringas \u2013 valstyb\u0117s lygmeniu visoje Lietuvos Respublikos teritorijoje vykdomas aplinkos monitoringas;<\/li>\n<li>Savivaldybi\u0173 aplinkos monitoringas \u2013 savivaldybi\u0173 lygmeniu joms priskirtose teritorijose vykdomas aplinkos monitoringas;<\/li>\n<li>\u016akio subjekt\u0173 aplinkos monitoringas \u2013 teis\u0117s akt\u0173 nustatyta tvarka \u016bkio subjekt\u0173 vietiniu lygmeniu vykdomas aplinkos monitoringas.<\/li>\n<\/ul>\n<h4>Teikiamos paslaugos:<\/h4>\n<ul>\n<li>Rengiame aplinkos monitoringo programas, organizuojame j\u0173 \u012fgyvendinim\u0105.<\/li>\n<\/ul>\n","protected":false},"excerpt":{"rendered":"<p>Aplinkos monitoringas \u2013 gamtin\u0117s ir \u017emoni\u0173 gyvenamosios aplinkos bei jos element\u0173 b\u016bkl\u0117s kitimo ir antropogeninio poveikio steb\u0117jimas, vertinimas ir prognoz\u0117. Aplinkos monitoringas gali b\u016bti: Valstybinis aplinkos monitoringas \u2013 valstyb\u0117s lygmeniu visoje Lietuvos Respublikos teritorijoje vykdomas aplinkos monitoringas; Savivaldybi\u0173 aplinkos monitoringas \u2013 savivaldybi\u0173 lygmeniu joms priskirtose teritorijose vykdomas aplinkos monitoringas; \u016akio subjekt\u0173 aplinkos monitoringas \u2013 teis\u0117s akt\u0173 nustatyta tvarka \u016bkio subjekt\u0173<\/p>\n","protected":false},"author":1,"featured_media":0,"parent":228,"menu_order":8,"comment_status":"closed","ping_status":"open","template":"","meta":{"footnotes":""},"tags":[],"class_list":["post-243","page","type-page","status-publish","hentry"],"_links":{"self":[{"href":"https:\/\/corpi.lt\/index.php\/wp-json\/wp\/v2\/pages\/243","targetHints":{"allow":["GET"]}}],"collection":[{"href":"https:\/\/corpi.lt\/index.php\/wp-json\/wp\/v2\/pages"}],"about":[{"href":"https:\/\/corpi.lt\/index.php\/wp-json\/wp\/v2\/types\/page"}],"author":[{"embeddable":true,"href":"https:\/\/corpi.lt\/index.php\/wp-json\/wp\/v2\/users\/1"}],"replies":[{"embeddable":true,"href":"https:\/\/corpi.lt\/index.php\/wp-json\/wp\/v2\/comments?post=243"}],"version-history":[{"count":3,"href":"https:\/\/corpi.lt\/index.php\/wp-json\/wp\/v2\/pages\/243\/revisions"}],"predecessor-version":[{"id":659,"href":"https:\/\/corpi.lt\/index.php\/wp-json\/wp\/v2\/pages\/243\/revisions\/659"}],"up":[{"embeddable":true,"href":"https:\/\/corpi.lt\/index.php\/wp-json\/wp\/v2\/pages\/228"}],"wp:attachment":[{"href":"https:\/\/corpi.lt\/index.php\/wp-json\/wp\/v2\/media?parent=243"}],"wp:term":[{"taxonomy":"post_tag","embeddable":true,"href":"https:\/\/corpi.lt\/index.php\/wp-json\/wp\/v2\/tags?post=243"}],"curies":[{"name":"wp","href":"https:\/\/api.w.org\/{rel}","templated":true}]}}